3 + 114/(-209) is divided by 54.
10
Let q(i) = i**3 + 5*i**2 + i + 1. Let l be (-11)/5 + 22/110. What is the remainder when 284 is divided by q(l)?
9
Let p(n) = 63*n**2 - 32*n**2 - 30*n**2 + 16*n - 4. Let g be p(-16). Calculate the remainder when (g/10)/(11/(-1980)) is divided by 25.
22
Suppose 0 = 4*i + 84. Let n = i - -24. Suppose 4*t - z = 28 + 15, z = -n. What is the remainder when 28 is divided by t?
8
Let l be 182 + (-3 - (-5)/(15/6)). Suppose b - l = -2*b - 2*u, b + u = 59. Let s = 72 + -40. What is the remainder when b is divided by s?
31
Suppose -34*v + 25*v + 846 = 0. Suppose 4*i - 53 - v = 3*b, 3*b = -i + 33. Calculate the remainder when i is divided by 13.
10
Suppose -5*k + 5*m + 5 = 0, -6*m + 3*m = -6. Suppose 0 = k*h + 308 - 1268. What is the remainder when h is divided by 19/38*(-1 + 93 + 0)?
44
Suppose 4*y - 2*b = 18, 5*y + 9 = 3*b + 33. Suppose 4*h = 3*h - 1, 0 = -y*l + 5*h + 110. Calculate the remainder when 124 is divided by l.
19
Let q(r) = -r**3 - 14*r**2 + 50*r - 196. Calculate the remainder when q(-19) is divided by 93.
8
Suppose -4*f = 5*l - 285, 5*l + 4*f - 285 = 2*f. Let q be (-7 - -2)*(-1)/5. Let y = q + l. Calculate the remainder when y is divided by 15.
13
Let o(b) = -b**3 + 8*b**2 + 2*b + 10. Let l = 19 - 15. Suppose m + y = l + 1, -5*m + 35 = -5*y. What is the remainder when o(m) is divided by 25?
19
Let f = 3210 + -3200. Calculate the remainder when 1579 is divided by f.
9
Suppose -8*x = -1 - 39. Let d = 4 + -7. Let g = x - d. What is the remainder when g is divided by 2?
0
Let t(c) = -9*c + 108. Let v(z) = -3*z + 12. Let q be v(1). What is the remainder when 66 is divided by t(q)?
12
Suppose 0*z = -z. Let u be (176/(-110))/((-40)/(-75)*3/(-2)). Suppose -v + u + 14 = z. Calculate the remainder when 23 is divided by v.
7
Suppose -2 = -4*p + 26. Suppose -p*z + z = 138. Let f = z - -33. What is the remainder when 48 is divided by f?
8
Let v(g) = 5*g - 81. Let u(x) = -11*x + 164. Let f(m) = -6*u(m) - 13*v(m). Suppose 4*s = -s + 75. What is the remainder when f(-18) is divided by s?
6
Let k(i) = 15*i**2 + 4*i - 5. Suppose 2*a - 113 = -f + 20, 3*f = 4*a - 241. What is the remainder when k(4) is divided by a?
59
Suppose 3*x + 1950 = 18*x. Let f = x - 98. What is the remainder when f is divided by 12?
8
Let m(l) = -6*l - 165. Suppose -5*u + 66 = c - 105, -5*u = -3*c - 167. What is the remainder when m(-42) is divided by u?
19
Suppose 0 = j + 7*q - 3*q - 86, -85 = -j - 3*q. Calculate the remainder when j is divided by 629/37 + (0 - 3).
12
Let f = 1626 + -1279. What is the remainder when f is divided by 72?
59
Let o = 414 + -413. What is the remainder when 670 is divided by ((-8)/6)/(o/(-18)) + -3?
19
Let a(y) = -y**3 + 10*y**2 + 3. Let x be a(10). Calculate the remainder when 101 is divided by 2/x + 37/3.
10
Suppose 10*r - 580 = 39*r. What is the remainder when ((-688)/r)/((-4)/(-10)) is divided by 29?
28
Let f(q) = q**3 + 5*q**2 + 2*q + 2. Suppose 10*u = -2*u. Suppose -27*i + 341 + 334 = u. What is the remainder when i is divided by f(-4)?
5
Let i be (-3)/(-3)*75 - 30/6. What is the remainder when (i/(-2) + (-40)/10)*-1 is divided by 7?
4
Let x = 2012 - 1922. Calculate the remainder when 192 is divided by x.
12
Let a(v) = -v**3 - 22*v**2 + 26*v + 83. Calculate the remainder when 110/4*(238/35 - 6) is divided by a(-23).
8
Suppose -4*a = -4*v - 1 - 3, 0 = 2*v + 3*a - 3. Let n = 13 + v. What is the remainder when 60 is divided by n?
8
Let x(k) = 2*k**2 - 97*k + 842. Calculate the remainder when 1045 is divided by x(9).
128
Let k(l) = 7*l - 172. Calculate the remainder when k(35) is divided by 36/(-60) - 166/(-10).
9
Suppose -7*b = 15*b - 1386. Let o = -23 + b. Calculate the remainder when o is divided by 3.
1
Let n = -13891 - -14047. What is the remainder when n is divided by 40?
36
Let y(a) = -258*a - 200. Calculate the remainder when 72 is divided by y(-1).
14
Let m be 12/(-6) + 284/4. Suppose -m = -2*f + 13. Calculate the remainder when f is divided by 14.
13
Let h(l) = -l**2 - 17*l - 21. Suppose -w - 22 = -6. Let q be h(w). What is the remainder when 61 is divided by (1 + -19)/(5/(q/2))?
7
Let k(c) = 2*c**3 - 3*c**2 - 2*c + 6. Let b be (0/1 - -2)/(44/66). What is the remainder when 835 is divided by k(b)?
25
Suppose -2*w = -5*q + 157, 97 = -4*q - 3*w + 195. What is the remainder when 259 is divided by q?
27
Suppose 4*w + 3*t = -16 + 6, 5*t = -3*w - 13. Let s(n) = n**2 + 18*n + 50. What is the remainder when (w + -10)/(0 - 1) is divided by s(-15)?
1
Let y(s) be the second derivative of -29*s**3/6 + 97*s**2/2 + 17*s - 2. What is the remainder when 33 is divided by y(3)?
3
Suppose -44 = d + 27. Let v = d + 100. Let j = -52 - -67. Calculate the remainder when v is divided by j.
14
Let i be ((-50)/(-15))/((-2)/(-3)). Suppose 0 = 2*c - 3*z - 93, -2*z = -11 + i. What is the remainder when c is divided by 12?
3
Suppose 892 = 30*w - 8348. Suppose w = 23*c - 16*c. Calculate the remainder when 128 is divided by c.
40
Let v(i) = i**3 + 10*i**2 + 14*i + 18. Let z be v(-9). Let m = 21 - -7. What is the remainder when 113 - ((-6)/z + 50/18) is divided by m?
26
Let p = -194 + 88. Let x = p + 134. Suppose -3*y + 4*g - g = -57, -y = -4*g - x. What is the remainder when 125 is divided by y?
13
Suppose 16 = -3*q + 7*q. Let k(a) = a**2 + 1644*a + 26090. What is the remainder when k(-16) is divided by q?
2
Let l(a) = a**2 + 11*a. Let r be l(-11). What is the remainder when 66 is divided by (112/112)/(r - 1/(-34))?
32
Suppose u = v + 9, u + v = -2*v - 3. Calculate the remainder when (-6 - -40) + -12 + -5 is divided by u.
5
Let p = -3318 - -3330. Calculate the remainder when 1210 is divided by p.
10
Let n(j) = -j**2 - 18*j + 1366. Calculate the remainder when 365 is divided by n(28).
53
Let b = -192 + 194. Calculate the remainder when 121 is divided by 6/(-24)*4/b*-62.
28
Suppose -28*d = -3369 - 2212 + 1269. What is the remainder when d is divided by 1 + -1 + -2 + 15?
11
Suppose 5*i - 1153 = -418. Calculate the remainder when i is divided by 459/204*((-80)/6)/(-1).
27
Suppose 15*j - 14*j - 706 = -3*c, 0 = -2*c + 5*j + 499. Calculate the remainder when c is divided by 36.
21
Let c(m) = 2*m**3 - 43*m**2 - 5*m - 345. Let w(i) = 26*i**2 + 1. What is the remainder when w(-2) is divided by c(22)?
18
Let j(i) = -44 - 2*i - 35*i - 17*i - 2*i**2 + 9*i. What is the remainder when 221 is divided by j(-20)?
53
Let m be (-1*(10 + -9))/(2/(-310)). Let t = -151 + m. Suppose -4*w + 0*w = -60. What is the remainder when w is divided by t?
3
Suppose -n + 14 + 0 - 3 = 0. What is the remainder when 549 is divided by n?
10
Suppose -335 = -2*n + 3*s, 12*s - 6*s = -4*n + 682. Calculate the remainder when n is divided by 71.
27
Let h = 411 - 127. Calculate the remainder when h is divided by 14/(-4)*446/(-223).
4
Let b(c) = -5*c**3 - 12*c**2 + 13*c + 30. Let o be 0 + (2 - (-236)/(-2)). Let j = o + 204. What is the remainder when j is divided by b(-3)?
16
Suppose -59*f + 2025 = -1279. What is the remainder when 326 is divided by f?
46
Suppose 9*m - 24836 = -24602. Calculate the remainder when 92 is divided by m.
14
Let c = -11174 + 11792. Calculate the remainder when 1885 is divided by c.
31
Let t(h) = 75*h**2 - 1351*h + 33. Suppose -5*i + 15 = 0, -2*u - 4*i = -158 + 42. Calculate the remainder when u is divided by t(18).
7
Let f(s) = 38*s**2 - 6*s + 8. Let p be 2/(-40)*8 + 24/10. What is the remainder when f(p) is divided by 25?
23
Let j be (4 + -4)/(-5) + 3. Suppose -j*i - 3*l = -213, 0*i = -4*i + l + 289. Calculate the remainder when i is divided by 20.
12
What is the remainder when ((-41364)/(-63) - 13) + (-6)/(-14) + 3 is divided by 359?
288
Suppose 0 = -123*j - 8371 + 74176. Calculate the remainder when j is divided by 35.
10
Suppose -4115 = 201*b - 16778. What is the remainder when 1823 is divided by b?
59
Suppose 4*s = -v + 3, -2*v - 5*s = -3*s - 30. Let h = -2 + v. Suppose 0 = -41*q + 52*q - 517. Calculate the remainder when q is divided by h.
13
Let c(z) = -32*z**3 + 6*z**2 - 29*z - 94. Calculate the remainder when c(-3) is divided by 16.
15
Suppose 4*m - m = 1977. Suppose 219*a + 1257 - 3009 = 5475. Calculate the remainder when m is divided by a.
32
Suppose 9 = 2*o - i + 1, -2*o + 16 = i. Suppose -m = -s + 42, -3*s - 5*m + 124 - o = 0. What is the rema